*k + 14 = 3*k + 4*n. Let h = 42 - 22. Suppose 70 = 5*z + h. Calculate the greatest common divisor of z and k.
10
Let m = -17 + 19. Calculate the greatest common factor of 2 and m.
2
Let r = 1039 + -510. Suppose 0 = -x + 3*o + 141, 4*o + o + r = 4*x. What is the highest common divisor of x and 18?
18
Suppose -20 = 5*d, -2*u = 3*u + 2*d + 18. Let w be 180*(u + 10/4). What is the greatest common divisor of 18 and w?
18
Suppose 3*h + 5*y - 23 - 257 = 0, 5*h - 460 = -5*y. What is the highest common factor of h and 10?
10
Let i be (-11)/(-2)*(-13 + 27). What is the greatest common divisor of 7 and i?
7
Let g be 2 - ((-32)/(-1) - 3). Let u = 0 - g. Suppose 5*t - 44 = -3*n, -3*n = -7*n + 4*t + 80. Calculate the highest common factor of n and u.
9
Let y be (0/(-1)*-1)/2. Let a be (y + -1)*3*-2. Let f = 105 - 96. What is the greatest common factor of f and a?
3
Let z be ((-45)/25)/(1/(-15) + 0). Calculate the greatest common factor of z and 108.
27
Let w = -15 + 37. Suppose -2*g + 5 + 4 = -t, 4*t = g - w. Suppose 4*m + g*b - 58 = 0, -2*m + 53 = 2*m + b. Calculate the greatest common factor of m and 4.
4
Let a(p) = -6*p + 13. Let q be a(-12). Calculate the highest common divisor of q and 34.
17
Let d be (-9)/(-12) + (-146)/(-8). Suppose -11 = -3*o + 5*b, -o - 2*o + d = -b. Let l be 2*(o/2 - 0). What is the highest common factor of 70 and l?
7
Suppose -3*b = -116 + 41. Let q be 490/b - (-4)/10. Calculate the greatest common factor of 5 and q.
5
Suppose -11*s + 34 + 10 = 0. What is the highest common factor of 22 and s?
2
Suppose 4*o + 4*m - 48 = 0, -15 = -o - 5*m + 5. Suppose -47 + 7 = -z. What is the highest common divisor of z and o?
10
Suppose -105 = -3*k - 4*d, -2*d = -0*k - 2*k + 70. Calculate the highest common divisor of k and 10.
5
Let d(w) = -w**2 + 3*w + 8. Let k be d(4). Suppose -3*i - 4 + 35 = t, 0 = t - k*i + 4. What is the highest common divisor of t and 16?
16
Let b be ((-56)/6)/(3/(-18)). Suppose 0*x + x = b. Let p be 8*2*1/2. Calculate the greatest common divisor of p and x.
8
Let d(h) = -h**2 + 7*h - 9. Let n be d(6). Let t be n - (2 + 16/(-1)). Calculate the highest common divisor of 11 and t.
11
Suppose 2*w + w - 75 = 0. Let m = -107 + 112. What is the greatest common factor of w and m?
5
Suppose 0 = -u - 5*v + 47, 8*u - 85 = 3*u + 5*v. Calculate the highest common factor of u and 22.
22
Suppose -4*s + 6 = 3*y, 0 + 3 = -s. Let i be 20/30 + 68/y. Calculate the greatest common factor of 4 and i.
4
Suppose -t = -0 - 4. Suppose q - 8 = 3*b + b, -5*b - 19 = -2*q. Suppose -t*j = q - 44. What is the greatest common factor of j and 72?
8
Suppose -3*a + 3*y + 18 = 0, -4*a - 4*y + 5*y + 18 = 0. Let u = 4 - 3. What is the highest common divisor of a and u?
1
Suppose -3*y = -r - 3*r - 28, 0 = 5*y - 2*r - 56. Suppose 2*b = 7*b - 150. What is the greatest common divisor of y and b?
6
Suppose 5*n + 2*h = 46, -4*n + 0*h + 35 = h. Suppose -v - n = -2*v. What is the greatest common factor of v and 40?
8
Let n(l) = l**2 + 4*l + 2. Let m = -16 + 12. Let t be n(m). What is the greatest common divisor of 8 and t?
2
Let u(a) = 3*a**2 + 4*a - 3. Let f be u(2). Calculate the highest common factor of f and 119.
17
Let y be 12/(-66) - 26/(-22). Let a be 1*(-2 - (-25)/y). Calculate the greatest common divisor of a and 46.
23
Suppose -2*k = 4*y - 8, 0 = 3*y - k - 1 - 5. Calculate the highest common factor of 12 and y.
2
Suppose -2*a = -4*j, 0*j - 3*j + 14 = -5*a. Let q = 1 - j. Suppose 0 = q*k + 2*l - 10 - 3, k - 2 = -3*l. Calculate the highest common factor of 35 and k.
5
Suppose 4*t - 5*r = 30, t - 3 = 2*r + 6. Suppose -x - 50 = t*p - 589, -4*p - x = -431. Suppose -2*j + 5*j = p. Calculate the highest common divisor of j and 9.
9
Suppose -5*n + 8*n - 78 = 0. Suppose 5*v + 46 = 3*i, -2*v - n = 3*i - 100. What is the greatest common factor of 11 and i?
11
Let y(z) = -z**3 + 5*z**2 + z + 3. Let u(v) = v**2 - 5*v + 9. Let i be u(4). Let l be y(i). What is the highest common factor of 24 and l?
8
Suppose -5*l - 5 = 0, -5*l + 27 = -p + 5*p. Let x(n) = -n + 22. Let k be x(p). Calculate the greatest common divisor of 42 and k.
14
Let y be (-31)/((-1 - 0)/1). Calculate the highest common divisor of y and 93.
31
Let v be 2/(-2) + (-25)/(-5). Let s be (-14)/(v/(-2))*1. Suppose 0 = -4*n - 20, 44 = 4*l + 5*n - 183. Calculate the greatest common divisor of s and l.
7
Let p be ((-9)/2)/((-57)/304). Let c be (2 + -4)/((-6)/36). What is the highest common factor of p and c?
12
Suppose 0 = -4*p + 4. Suppose -11 = -5*c - 5*j - 51, -2*j - 5 = c. Let h = c + 15. Calculate the greatest common divisor of h and p.
1
Suppose -2*x = -3*y + 14 + 1, -x - 10 = -2*y. Suppose x*b = 3*b - 21. Suppose s = -3, 5*r - 2*r + s - 60 = 0. Calculate the greatest common divisor of r and b.
7
Suppose 3*b = -3*c - b + 94, 5*b - 95 = -3*c. Calculate the greatest common factor of c and 10.
10
Let a(j) = 2*j**2 - 39*j - 19. Let f be a(20). Calculate the greatest common factor of 8 and f.
1
Suppose 4*d = -2*w + 28, -2*w = 3*d + 2*w - 16. Let n = 2 - 0. What is the highest common divisor of n and d?
2
Let m = 53 - 33. What is the greatest common divisor of 60 and m?
20
Suppose 88*z + 560 = 96*z. Calculate the greatest common factor of 14 and z.
14
Let o(u) = -u - 5. Let c be o(-11). Calculate the highest common factor of 6 and c.
6
Let q = 163 - 43. Let b be 10/4*(4 - -2). What is the highest common divisor of q and b?
15
Let b = -29 + 41. Suppose -8*o + 7*o = -108. What is the highest common factor of o and b?
12
Let c be 2/(-9) - (-872)/36. Let m = -14 + c. Suppose 0 = 3*r + m - 250. Calculate the highest common factor of 16 and r.
16
Let r be (-27)/12*(-3 - 1). Let v(z) = -12*z - 9. Let w be v(-6). What is the highest common divisor of r and w?
9
Suppose -5*s = -5*u - 711 - 189, -3*s = 3*u - 540. Suppose 6*v = v + s. Suppose -6*g + 2*g + v = 0. What is the highest common factor of g and 6?
3
Let q = -26 + 32. Calculate the greatest common divisor of q and 12.
6
Let v = 41 + -25. Calculate the greatest common factor of 160 and v.
16
Let f = 41 + 31. Let b = 0 - -8. What is the greatest common divisor of b and f?
8
Suppose -3*v + 23 = -7. Suppose v = -5*c + 30. What is the highest common factor of 16 and c?
4
Let m be 1/(15/(-6) + 2). Let u be -2*(-1)/m*-13. Let l = 16 - -127. Calculate the greatest common divisor of u and l.
13
Let p be 2/4 + 570/12. Calculate the highest common factor of p and 120.
24
Suppose 3*j = j + 14. What is the greatest common divisor of 7 and j?
7
Suppose 0 = -5*z + 10*z - 120. Let a(v) = -v**2 - 7*v - 9. Let h be a(-6). Let g be ((-18)/7)/(h/70). Calculate the greatest common factor of g and z.
12
Let w be (-14)/(-2 - 0) - -2. Let s(o) = -o**2 - 10*o - 15. Let q be s(-6). What is the greatest common factor of w and q?
9
Suppose 0 = -2*c + 5*h + 1, -13 = -3*c - 0*c - 4*h. Suppose -79 = -c*i - 1. Calculate the greatest common factor of 65 and i.
13
Let z be (-128)/(-22) + -6 + (-1060)/(-22). What is the highest common divisor of z and 6?
6
Let c = -30 + 48. What is the greatest common divisor of 144 and c?
18
Let y(z) = z**2 - 2*z - 2. Let u be y(4). Let v(x) = 3*x**2 - 7*x + 4. Let g be v(4). What is the greatest common factor of g and u?
6
Let v(z) be the first derivative of z**3/3 - z**2 - 3*z - 1. Let u be v(-7). What is the greatest common factor of 12 and u?
12
Let q(a) = 1 + 44*a - a - 5*a. Let x be q(1). Calculate the highest common divisor of x and 26.
13
Let l(b) = b**2 + 5*b + 1. Let y be l(-5). Let r = -5 - -6. Calculate the highest common factor of y and r.
1
Let f(y) = 9*y**2 + y + 1. Let n be f(-1). Suppose 80*c - 84*c = -288. What is the highest common divisor of n and c?
9
Let j(x) be the third derivative of 2/3*x**3 + 1/60*x**5 + 0 + 1/6*x**4 + x**2 + 0*x. Let v be j(-6). Calculate the greatest common divisor of 8 and v.
8
Let s = 36 + -21. Suppose 0 = -0*w - w + s. Let h(z) = 2*z**3 - 3*z**2 + 2. Let f be h(2). What is the highest common factor of f and w?
3
Let x be -2*(-6 - (-2 + 3)). What is the highest common divisor of 21 and x?
7
Suppose -5*r = 3*t + 2, 4*t + r - 3 + 0 = 0. Let i(n) = n + 2. Let c be i(7). Calculate the greatest common factor of c and t.
1
Let y = 17 - 11. Let x be (-19 - 11)*y/(-5). Calculate the highest common divisor of 12 and x.
12
